e prime factors of 4/(-2)*z/((-48)/(-284))?
71
Suppose 17*y - 13*y - 2832 = 0. Let u = y + -429. List the prime factors of u.
3, 31
Let g be 4/(2 - 124/66). Suppose -27*a = -g*a + 6594. List the prime factors of a.
7, 157
Let d = 13835 + -7289. List the prime factors of d.
2, 3, 1091
Let q(b) = -9*b - 105. Let i(g) = -2. Let f(u) = -2*i(u) - q(u). What are the prime factors of f(-8)?
37
Let p = -4716 + 12176. List the prime factors of p.
2, 5, 373
Suppose 0 = i - 15 + 7. Let u(n) = -n**2 + 14*n + 8. What are the prime factors of u(i)?
2, 7
Let p = 328 - 330. List the prime factors of ((-36)/p)/(14 - 3350/240).
2, 3
Let n = 458 + -912. Let m = -230 - n. List the prime factors of m.
2, 7
Let r(y) be the third derivative of -y**6/120 - 2*y**5/5 - y**4/4 + 4*y**3/3 - 5*y**2 + 1. List the prime factors of r(-24).
2, 19
What are the prime factors of (-1343470)/148*44/(-10)?
11, 3631
Suppose 0 = -u - 0*u - 5*m + 80, 0 = -4*u - 3*m + 371. Let b(a) = a**2 + 1. Let g be b(-1). Let f = u + g. List the prime factors of f.
97
Let b(z) = 4803*z + 5465. What are the prime factors of b(15)?
2, 5, 23, 337
Suppose 3*p - 24108 = 2*b, 3*b + 24117 = 3*p - 2*b. List the prime factors of p.
2, 3, 13, 103
Suppose 2*n + 952 = 2*c, c - 249 = 2*n + 226. Suppose -2428 - c = -7*o. What are the prime factors of o?
5, 83
Suppose 5 = 4*r - 3, 5*d - 25 = -5*r. Suppose 4*c - d*i - 357 = 3*c, 3*c - 1079 = i. What are the prime factors of c?
2, 3, 5
Let n be (-3 - -2 - -1)*(-17)/34. Suppose n = -61*i + 51*i + 1700. What are the prime factors of i?
2, 5, 17
Let v(q) = -q**3 + 59*q**2 - 148*q - 248. List the prime factors of v(53).
2, 13, 337
Suppose 0 = -23*x + 238232 + 3935. What are the prime factors of x?
10529
Suppose 0*r + 2*r - 24 = 0. Let g be -39*6*r/(-27). Let f = -39 + g. List the prime factors of f.
5, 13
Let m(a) = -a**2 + a + 100. Let r(f) = -f**2 - 6*f + 15. Let o be r(-8). Let n be (4 - 2) + -2 + 1 + o. List the prime factors of m(n).
2, 5
Let s = 2032 - -5321. What are the prime factors of s?
3, 19, 43
List the prime factors of (0/(-5 - 2) - (14 + -46801)) + -8.
3, 31, 503
Suppose -5*l + 6*l - 3 = 0, 5*l = 3*y - 90. List the prime factors of (y/25 + -2)/((-3)/1065).
3, 71
Let j = -22 + 27. Let r(n) = 3*n**3 - 3*n**2 - 13*n - 5. List the prime factors of r(j).
2, 5, 23
Let z(w) = 6*w + 28. Let v be z(-6). Let g be v/12 - 152/(-12). List the prime factors of ((-2)/g + (-1196)/24)*-2.
2, 5
List the prime factors of (-3 + 789)*((-12)/18 + 4).
2, 5, 131
Suppose 2*h - y = -2*h + 1027, 0 = 5*h + y - 1277. Suppose -6*u + 862 - h = 0. List the prime factors of u.
101
Suppose 0 = -0*p - 2*p + d - 7, d - 1 = -p. Let q be (-27)/p - (-13)/(-26). Suppose 0 = q*i - 1256 - 629. List the prime factors of i.
5, 29
Suppose -7*h - 245 = -952. What are the prime factors of (-5)/(-10)*3*-2 + h?
2, 7
Let k = 1016 - 1575. Let m = k + 1916. List the prime factors of m.
23, 59
Suppose -2529 + 74111 = 14*b. List the prime factors of b.
5113
Let q be 4/24 - 66391/78. Let r = -562 - q. What are the prime factors of r?
17
Suppose 4*o - 14054 = -2*l, 2*l + 27819 = 5*o + 10265. List the prime factors of o.
2, 439
Let i(p) be the first derivative of -5*p**2/2 + 13*p + 2. Suppose -4*w - 48 = -h, 0 = -9*w + 8*w + 5*h + 7. What are the prime factors of i(w)?
2, 3, 13
Let q(s) = -61*s**2 - 4*s + 57. Let p be q(7). List the prime factors of (3/15)/(-4*4/p).
37
Let q = 22072 + -14834. What are the prime factors of q?
2, 7, 11, 47
Let j(p) = -57*p - 66. Let d be 38/(-4) + 17/(-34). List the prime factors of j(d).
2, 3, 7
Suppose 3*a = o - 7208, -4*o + 36542 - 7732 = -a. What are the prime factors of o?
2, 13, 277
Let m = -469 - -474. Let d(g) = -20*g + 190. What are the prime factors of d(m)?
2, 3, 5
Suppose 5*n - 2*d + 1092 = 6*n, 2*d - 5460 = -5*n. Let g = n - 347. Suppose -1205 = -13*r + g. List the prime factors of r.
2, 3, 5
Let w(i) = 126*i + 450. Let o(u) = -5*u - 18. Let p(b) = 99*o(b) + 4*w(b). Let r be 2 - ((-19)/133 + 39/(-21)). List the prime factors of p(r).
2, 3
Let i = -2854 + 3522. What are the prime factors of i?
2, 167
What are the prime factors of (-13 + 207/18)*(-79032)/9?
2, 37, 89
Suppose -4*o - 640 = -3*d, -4*o = 5*d - 9*d + 856. Let c = d - 34. List the prime factors of c.
2, 7, 13
Let z(q) = -q**3 + 4*q**2 + q - 3. Let t be z(4). Let u(x) be the first derivative of 111*x**2/2 - 499. What are the prime factors of u(t)?
3, 37
Let y(h) = h + 0*h - 6*h + 20. Let i be y(10). List the prime factors of 10/i + (-151)/(-3).
2, 5
Suppose 31*m - 23*m - 13600 = 0. Suppose 2*j + 5*t - m = 0, 0*j - 868 = -j + 2*t. What are the prime factors of j?
2, 5, 43
Let d = -1725 + 9518. What are the prime factors of d?
7793
Let j(d) = 175*d. Let w be j(1). Let x(z) = 3*z**2 + 114*z - 1156. Let y be x(10). Suppose 17*g - w = y. List the prime factors of g.
3
Let k = 99 + -25. Suppose -1032 = 70*l - k*l. List the prime factors of l.
2, 3, 43
Let l(g) = -g**3 - 10*g**2 - g - 46. What are the prime factors of l(-16)?
2, 3, 251
Let i(o) be the second derivative of 9*o**4/4 + 17*o**3/6 + 22*o**2 - o - 65. List the prime factors of i(-5).
2, 317
Let j be (-19 - (-24)/4)*-11. Let g = 149 - j. List the prime factors of g.
2, 3
Let a = 116 - -76. Let w = 89 - a. Let x = w - -297. What are the prime factors of x?
2, 97
Let r be ((-24)/10 + 2)*(-810)/108. Suppose -3*a + 1263 = 3*y, -r*y + 2*a = -974 - 269. List the prime factors of y.
3, 139
Let q(n) = n**3 - 3*n**2 - 13*n + 26. Let d be q(2). What are the prime factors of (-2 + 324)*d*7/(-14)?
2, 7, 23
Let f(k) = 166*k + 1583. What are the prime factors of f(76)?
3, 4733
Suppose -3*t + 26 - 6 = v, 5*t + 4*v = 45. Suppose -4*f = -8*f - 5*z + 5873, t*f - 7369 = 3*z. What are the prime factors of f?
2, 23
Let k be 30/24*(0 + 1)*4. What are the prime factors of (-4 - -3) + 3620/k?
3, 241
Let c(h) = -267*h + 98. Let j be c(5). Let z = j - -2115. What are the prime factors of z?
2, 439
Suppose -2*j = 3*a - 8172, 12369 + 8042 = 5*j - 2*a. List the prime factors of j.
3, 1361
Suppose 5*y = 2*z + 240, 10*z = -2*y + 11*z + 96. Suppose -395 - 133 = -y*j. What are the prime factors of j?
11
Let g = 960 + 611. What are the prime factors of g?
1571
Let f = -408 + 409. List the prime factors of (-180)/(-36) - (-336 - f).
2, 3, 19
Suppose -3*o + 3*h + 78 = 0, 2*o + h + 51 = 4*o. Suppose -o = -5*r + g, -2*r - 7*g + 8*g = -10. List the prime factors of r.
5
Let z(u) = -9*u - u + 5*u + 3*u. Let j be z(-6). Suppose -j = 3*y - 378. What are the prime factors of y?
2, 61
Suppose -5*h = 2*t + 281, 4*h + 0*h + 2*t + 226 = 0. Let n = 52 + h. List the prime factors of (187 - (-9)/n) + (0 - 3).
181
Let g be (-1*52)/((-4)/26). Let a = g + 242. List the prime factors of a.
2, 5, 29
Let a = 26 - 23. Let u = 137 + -132. Suppose 0 = -4*p + 3*p + u*j + 145, -4*p + a*j + 665 = 0. List the prime factors of p.
2, 5, 17
Let a(g) be the third derivative of g**5/30 - g**4/8 - g**3 - 59*g**2. List the prime factors of a(12).
2, 3, 41
Suppose -16*g + 122592 - 36992 = 0. List the prime factors of g.
2, 5, 107
Let d(v) = -471*v - 1010. List the prime factors of d(-5).
5, 269
What are the prime factors of (3692/(-24) - -11)/(6/(-252))?
7, 857
Suppose -j = 2*l - 38124, -j + 5*l + 114295 = 2*j. What are the prime factors of j?
2, 5, 37, 103
Suppose -8*l = 6*l. Suppose -877 = -l*h - h. List the prime factors of h.
877
Suppose -427*h - 72 = -435*h. Let z = h - -242. What are the prime factors of z?
251
Suppose 2*o - 1330 = 4*w, 2*w + 2630 = 4*o + 4*w. Suppose -657*v + o*v = 1032. List the prime factors of v.
2, 3, 43
Suppose 7 - 22 = -5*r. Suppose m = -t + r, 3 = 3*t + 5*m - 8. List the prime factors of (32/(-80))/(t/(-90)).
2, 3
Let t(p) = -10*p**2 - 5*p + 2. Let f be t(-11). Let q be (-10)/(-35) - f/7. Let r = -102 + q. List the prime factors of r.
3, 7
Let n be 9 + -3*(-25)/(-15). Suppose 4*k = -2*f + 1918, -570 = -2*f + n*k + 1388. List the prime factors of f.
3, 17, 19
Let y be (-4)/(4 - 0)*0. Let l be 2 + (1 - -1) - y. Suppose -4*m + 563 = -3*b, -4*m - m = l*b - 665. List the prime factors of m.
137
Let u = 691 + -689. Suppose -2313 = -u*j + 11*s - 6*s, -4*j + 4641 = 5*s. List the prime factors of j.
19, 61
Let i = -11 + 10. Let w(v) = 6*v**3 + v**2 - 2*v - 2. Let b be w(i). Let m = 53 + b. What are